 divided by 122996?
2268
What is the remainder when 774126 is divided by 11552?
142
What is the remainder when 626190334 is divided by 3816?
3814
Calculate the remainder when 1096622 is divided by 695.
607
Calculate the remainder when 9051720 is divided by 8.
0
What is the remainder when 2844928 is divided by 222?
220
Calculate the remainder when 11761798 is divided by 11761728.
70
What is the remainder when 22325386 is divided by 763?
6
Calculate the remainder when 472922 is divided by 52546.
8
Calculate the remainder when 83087926 is divided by 9.
7
What is the remainder when 51603754 is divided by 394?
392
Calculate the remainder when 136247662 is divided by 229.
219
What is the remainder when 98444 is divided by 7?
3
Calculate the remainder when 564637 is divided by 37.
17
What is the remainder when 514 is divided by 130?
124
Calculate the remainder when 44286 is divided by 142.
124
Calculate the remainder when 9339187 is divided by 146.
5
Calculate the remainder when 8103819 is divided by 47.
32
Calculate the remainder when 13878 is divided by 2425.
1753
Calculate the remainder when 1013807 is divided by 319.
25
What is the remainder when 234755 is divided by 5213?
170
What is the remainder when 3480802 is divided by 248628?
10
Calculate the remainder when 26424 is divided by 8701.
321
Calculate the remainder when 5871449 is divided by 2.
1
Calculate the remainder when 90720 is divided by 87022.
3698
Calculate the remainder when 15070822 is divided by 23.
3
Calculate the remainder when 133714070 is divided by 81.
80
What is the remainder when 3995784 is divided by 170?
104
Calculate the remainder when 2267852 is divided by 4.
0
What is the remainder when 20853 is divided by 3521?
3248
Calculate the remainder when 1860937 is divided by 206732.
349
What is the remainder when 7902203 is divided by 26?
23
What is the remainder when 149995786 is divided by 542?
538
What is the remainder when 853403 is divided by 236?
27
What is the remainder when 223806 is divided by 1148?
1094
What is the remainder when 142388 is divided by 46500?
2888
Calculate the remainder when 42775 is divided by 664.
279
What is the remainder when 41317906 is divided by 217?
21
Calculate the remainder when 2318103 is divided by 476.
459
What is the remainder when 979908 is divided by 9158?
2
Calculate the remainder when 1744582 is divided by 507.
502
What is the remainder when 5421914 is divided by 40?
34
What is the remainder when 45840 is divided by 3292?
3044
Calculate the remainder when 257988 is divided by 257748.
240
Calculate the remainder when 19307376 is divided by 1077.
1074
Calculate the remainder when 337604 is divided by 11641.
15
Calculate the remainder when 17852627 is divided by 1054.
1029
What is the remainder when 8318670 is divided by 333?
330
Calculate the remainder when 190551 is divided by 53.
16
What is the remainder when 25370238 is divided by 17?
16
Calculate the remainder when 710459 is divided by 4414.
4219
Calculate the remainder when 8554799 is divided by 30.
29
Calculate the remainder when 475557 is divided by 237770.
17
Calculate the remainder when 182131715 is divided by 4953.
4952
Calculate the remainder when 386888 is divided by 596.
84
Calculate the remainder when 1015052 is divided by 10798.
40
Calculate the remainder when 1059321 is divided by 281.
232
What is the remainder when 185616958 is divided by 92808478?
2
What is the remainder when 80230201 is divided by 535?
531
What is the remainder when 298645443 is divided by 440480?
3
Calculate the remainder when 130515 is divided by 130350.
165
What is the remainder when 277056 is divided by 1058?
918
What is the remainder when 18422881 is divided by 611?
9
What is the remainder when 68645 is divided by 490?
45
Calculate the remainder when 169007 is divided by 21125.
7
Calculate the remainder when 2929870 is divided by 124.
122
Calculate the remainder when 418319 is divided by 29876.
55
Calculate the remainder when 219096 is divided by 6086.
0
What is the remainder when 613946 is divided by 51014?
1778
What is the remainder when 161492 is divided by 1156?
808
What is the remainder when 1601273 is divided by 14964?
125
What is the remainder when 8261103 is divided by 427?
361
What is the remainder when 1061342 is divided by 106133?
12
Calculate the remainder when 287369601 is divided by 1661.
1652
What is the remainder when 435900 is divided by 414?
372
Calculate the remainder when 2600613 is divided by 999.
216
What is the remainder when 12728371 is divided by 12728219?
152
What is the remainder when 280331 is divided by 280018?
313
What is the remainder when 143827 is divided by 11757?
2743
What is the remainder when 25884827 is divided by 839?
838
Calculate the remainder when 1772060 is divided by 886005.
50
Calculate the remainder when 85976 is divided by 12143.
975
What is the remainder when 14071 is divided by 2796?
91
What is the remainder when 111066 is divided by 96?
90
What is the remainder when 75979 is divided by 55?
24
Calculate the remainder when 320225514 is divided by 106741834.
12
Calculate the remainder when 81959 is divided by 476.
87
What is the remainder when 5518166 is divided by 1839366?
68
Calculate the remainder when 13875732 is divided by 6937863.
6
What is the remainder when 37918 is divided by 12229?
1231
What is the remainder when 11631651 is divided by 352474?
9
Calculate the remainder when 18874959 is divided by 432.
15
Calculate the remainder when 678328799 is divided by 343.
337
Calculate the remainder when 311206 is divided by 299.
246
What is the remainder when 3636102 is divided by 88685?
17
What is the remainder when 128004 is divided by 9778?
890
What is the remainder when 70387243 is divided by 2001?
67
Calculate the remainder when 221246 is divided by 55110.
806
Calculate the remainder when 1619452 is divided by 1619420.
32
Calculate the remainder when 173549 is divided by 919.
777
Calculate the remainder when 1377974 is divided by 19.
18
Calculate the remainder when 379099 is divided by 10830.
49
Calculate the remainder when 653673 is divided by 781.
757
Calculate the remainder when 196413 is divided by 8161.
549
What is the remainder when 245566646 is divided by 53?
50
Calculate the remainder when 1555531447 is divided by 9911.
9908
What is the remainder when 1855939 is divided by 4549?
4496
What is the remainder when 85963 is divided by 14286?
247
Calculate the remainder when 92731 is divided by 84.
79
Calculate the remainder when 10508188 is divided by 6.
4
What is the remainder when 873246 is divided by 87290?
346
Calculate the remainder when 497915 is divided by 195.
80
Calculate the remainder when 444998 is divided by 40450.
48
What is the remainder when 70458 is divided by 130?
128
Calculate the remainder when 16623649 is divided by 627.
625
What is the remainder when 2027084 is divided by 131?
121
Calculate the remainder when 2360338 is divided by 183.
4
Calculate the remainder when 849827 is divided by 715.
407
What is the remainder when 7964884 is divided by 487?
486
What is the remainder when 82258669 is divided by 237?
235
What is the remainder when 470264 is divided by 94045?
39
Calculate the remainder when 896517803 is divided by 906.
905
Calculate the remainder when 28845 is divided by 676.
453
What is the remainder when 2017068 is divided by 426?
384
What is the remainder when 50273 is divided by 415?
58
Calculate the remainder when 27973 is divided by 13942.
89
Calculate the remainder when 802438 is divided by 185.
93
What is the remainder when 82873249 is divided by 442?
17
Calculate the remainder when 1289943 is divided by 183.
159
What is the remainder when 20215175 is divided by 51?
50
What is the remainder when 3588395 is divided by 4577?
27
Calculate the remainder when 57308 is divided by 100.
8
Calculate the remainder when 778389 is divided by 1926.
285
What is the remainder when 22512972 is divided by 330?
42
What is the remainder when 275838 is divided by 18299?
1353
Calculate the remainder when 16937 is divided by 5219.
1280
What is the remainder when 2954565 is divided by 24621?
45
What is the remainder when 159354 is divided by 3385?
259
What is the remainder when 400479 is divided by 400452?
27
Calculate the rema